t r = 12 + 18. What is the remainder when u is divided by r?
28
Let b(l) = 19*l - 12. Suppose 0 = -20*m + 14*m + 36. What is the remainder when b(m) is divided by ((-6)/(-15))/((-2)/(-130))?
24
Suppose -16 = -5*x + 9. Suppose 46 + 194 = x*a. Suppose -2*q + 12 = -a. What is the remainder when q is divided by 16?
14
Suppose -d = -3*d + 72. Calculate the remainder when d is divided by 15.
6
Let m = -2 + 5. Suppose w = -m*d + 74, -5*w + 140 = -d + 6*d. Let o = d + -15. Calculate the remainder when 29 is divided by o.
5
Let w = -6 - -7. Let s = 21 - 11. What is the remainder when 37/2 - w/(-2) is divided by s?
9
Suppose -3*t - 3 = 0, 0 = 2*h - 4*t - 53 - 47. Suppose 6*c - 5*c = 138. Suppose 0 = -7*x - 19 + c. Calculate the remainder when h is divided by x.
14
Let s be 5 + (-3 - -1)*24. Suppose -2*n = 2*n + 292. Let o = s - n. Calculate the remainder when 119 is divided by o.
29
Let w(o) = -2*o - 14. Let n(y) = y**3 - 12*y**2 + 9*y + 8. Let u be n(11). Calculate the remainder when w(u) is divided by 3.
2
Let y be (-1 - -1)/(0 + 2) - -854. Suppose -7*n - 7*n = -y. What is the remainder when n is divided by 8?
5
Let i(r) = r**2 + 7*r - 21. Suppose 2*u = -3*u + 4*m - 50, 5*m = -2*u - 20. What is the remainder when i(u) is divided by 7?
2
Suppose -610*v = -601*v - 639. What is the remainder when 567 is divided by v?
70
Let z = -52 - -75. Let v be (-24)/(-5)*(-370)/4. What is the remainder when (-13)/(-65) + v/(-5) is divided by z?
20
Let z(r) be the first derivative of -39*r**2/2 + r + 31. Suppose 4*v = -2*i + 28, 2*v + 67 = 4*i - v. What is the remainder when z(-2) is divided by i?
15
Suppose -7*h + 3*v + 156 = -3*h, -3*h + 96 = 3*v. What is the remainder when h is divided by 13?
10
Let a = 1 - -26. Let z = -25 + a. Suppose -3*v - z = -17. Calculate the remainder when 7 is divided by v.
2
Suppose -336 = 6*k - 30*k. What is the remainder when 26 is divided by k?
12
Suppose -11*m = -13*m + 6. Suppose -3*w + 305 = 3*g - w, -g = m*w - 111. Calculate the remainder when g is divided by 25.
24
Let p = -9363 - -9395. Suppose 2*a - 25 + 1 = -2*y, -4*y = -5*a - 39. Calculate the remainder when p is divided by y.
10
Let l(f) = -f**3 + f**2 + 17*f + 8. Let w be l(6). Let c = 95 + w. What is the remainder when 90 is divided by c?
15
Let k = -137 + 140. Calculate the remainder when 27 is divided by k.
0
Let j(l) = -3*l + 8. Let a be j(6). Let f = -8 - a. Let u = f - -2. What is the remainder when 10 is divided by u?
2
Suppose -3*j - 3*j = 84. Let r be (-20)/140 + (-226)/j. Let s = 34 - r. What is the remainder when 87 is divided by s?
15
Suppose 0 = -7*c - 225 + 932. What is the remainder when c is divided by 54?
47
Let m(l) = 5*l + 9*l**2 + l**3 - 4*l + 5*l + 0*l. Let y be m(-7). Suppose y + 24 = 4*v - 4*w, 3*w - 12 = 0. Calculate the remainder when 95 is divided by v.
23
Suppose -5*j - s + 8 + 52 = 0, 3*j + 2*s = 43. Calculate the remainder when 459 is divided by j.
8
Let i(h) = -7*h. Let j be i(-1). Suppose 4*z - w - 127 = 0, -2*z + 2*w = z - 89. Suppose j*a - z = 4*a. What is the remainder when 32 is divided by a?
10
What is the remainder when 1114/30 - ((-931)/105 - -9) is divided by 11?
4
Calculate the remainder when -306*((-1)/(-6) + 30/(-45)) is divided by 76.
1
Suppose -26 = -3*t + 76. What is the remainder when t is divided by 16 + 15/(-60)*-8?
16
Suppose -4282 = -54*b + 4358. What is the remainder when b is divided by 55?
50
Let a be (-2)/(-6)*(-5 - 7). What is the remainder when 16 is divided by -21*(a - (-25)/7)?
7
Suppose -16 = -2*v + 6*v, -2*t + 40 = -5*v. Let n(h) = -h**2 + 9*h - 1. Let o be 5 + 0/(3/(-1)). Calculate the remainder when n(o) is divided by t.
9
Suppose -2 = -3*q + 1, r - 143 = -2*q. Let m(l) = 13*l - 3. Calculate the remainder when r is divided by m(3).
33
Suppose -234 = -26*f + 286. What is the remainder when 838 is divided by f?
18
Suppose 3*c - 164 = c. Suppose -s = 65 - 77. Calculate the remainder when c is divided by s.
10
Let n = -1 + 2. What is the remainder when (2/(-2) + -4)/(278 - 279) is divided by n?
0
Calculate the remainder when 86 is divided by 8/(5/(-5)*8/(-4)).
2
Suppose -2*y + 18 = -4*x, 3 + 0 = -x. Let b = -4602 + 4623. What is the remainder when b is divided by y?
0
Let i(v) = v**2 - 3*v - 6. Let b be i(5). What is the remainder when 2*1*58/b is divided by 1/(-5) - 608/(-40)?
14
Let i(j) = -5*j - 3. Let v be i(-1). Suppose -7 = -v*y - 1. Calculate the remainder when (-6)/(-14) + (-402)/(-42) is divided by y.
1
Calculate the remainder when 1180/8 + (-3)/(-2) - -3 is divided by 11.
9
Let d be (-48)/4*(-50)/8. Suppose d = 4*h + 3*g, -5*h - 2*g + 80 = -g. Suppose -4*z - 56 + 288 = 0. Calculate the remainder when z is divided by h.
13
Suppose 20 = z - 5*z. Let y be 1 - (-5)/(z/(-94)). Suppose 298 = 3*f - y. Calculate the remainder when f is divided by 33.
32
Let s = -666 - -697. Calculate the remainder when s is divided by 14.
3
Suppose -7*p - 78 = -3*f, 5*f - p + 104 = 9*f. Calculate the remainder when 2649 is divided by f.
23
Let d be 3159/91 - 2/(-7). Let w = d - 16. Suppose -2*l - 2*k + 3 + 5 = 0, -3*l - 4*k + 11 = 0. Calculate the remainder when w is divided by l.
4
Suppose 2*g - 5*m = 42, 2*m + 2*m - 72 = -5*g. Suppose -4*p - g = -84. Calculate the remainder when p is divided by 9.
8
What is the remainder when (-2 + 22/4)*872/14 is divided by 37?
33
Let y = 74 - 64. Let t(c) = -2*c**2 + 22*c + 9. Let a = -38 - -53. Calculate the remainder when t(y) is divided by a.
14
Let u = -2 + 3. Suppose 4*x + 2*a - 113 = -27, 0 = 5*x + 5*a - 100. Let d = x - u. What is the remainder when 64 is divided by d?
20
Calculate the remainder when (-248)/(-1488) - ((-485)/6 + 0) is divided by -2*(1 - 2) + 10.
9
Suppose -2*k - 11 + 15 = 0. Suppose 4*c = 5*c - 4, -5*n - k*c = -68. What is the remainder when n is divided by 4?
0
Let h(r) = -r - 3. Suppose 3*x + 2*j - 30 = -x, 5*j + 35 = x. Calculate the remainder when x is divided by h(-7).
2
Suppose 3*g + 3*z - 40 = 7*z, 5*g - 84 = -2*z. Let b = 2 + 4. What is the remainder when g is divided by b?
4
Let l(v) = 2*v**2 - 5*v - 7. Let n be (-6)/4*176/33. Calculate the remainder when l(6) is divided by (117/26)/((-3)/n).
11
Let v be (-1*1)/(5/5) - -29. Suppose 2*s - 3*f = v, s = -s - 4*f + 42. What is the remainder when s is divided by 5?
2
Let d(w) = w**2 + 14*w + 17. Let z be d(-13). Suppose 0 = 3*k - 3*h + 6, 2*k = -4*h - 0*h - z. What is the remainder when 4/(12/75) + k is divided by 12?
11
Suppose 0 = 2*u + 101 - 415. What is the remainder when u is divided by 27?
22
Suppose -3*j + 4 = 2*i + 2*j, -i + 2 = -j. Suppose -7 = -3*u - 4*m, -m + 5 - 27 = -4*u. Suppose 11 = u*h + 6. What is the remainder when i is divided by h?
0
Suppose y - 3*f - 3 = 0, 0 = y - f - 0*f - 13. Suppose -z - 86 + y = -2*u, -196 = -5*u - 4*z. Let o = -30 + u. What is the remainder when 33 is divided by o?
3
Let a = -9 - -13. Suppose a*c = 265 + 455. Suppose 4*d = 104 + c. Calculate the remainder when d is divided by 18.
17
Let n = -5 + 5. Suppose n = -2*k - 8, k - 191 = h - 6*h. What is the remainder when h is divided by 10?
9
Let v(n) be the first derivative of -n**2 + 4*n + 2. Let s = 995 - 989. What is the remainder when v(-6) is divided by s?
4
Let u(r) be the second derivative of r**5/20 - 5*r**4/12 + 4*r**3/3 - 2*r**2 + 18*r. Calculate the remainder when 139 is divided by u(5).
31
Suppose -2*w = w - 84. Suppose -3*z + 8 = -c, -17*z = -4*c - 12*z - 53. Let t = c + w. Calculate the remainder when 74 is divided by t.
8
Let m be (4 - 0/1) + 12 + -2. Let c = m - -2. Calculate the remainder when 46 is divided by c.
14
Suppose -325*n = -333*n + 1992. Calculate the remainder when n is divided by 1.
0
Let w = 2595 - 2462. Calculate the remainder when w is divided by 30.
13
Suppose -t + 3 = 4*f, -5*f = -t - 2*t - 25. Let b(a) = 2*a + 2*a**3 + a**f + 3 + 2*a**3 - 5*a**3 - 3*a**2. What is the remainder when 22 is divided by b(-3)?
4
Let g be -10 + -19 + -3 + 1. Let b = g - -32. What is the remainder when 2 is divided by b?
0
Let o be 3 + (4 - 7) + 88. Suppose -5*i = -2*b + 27, -o = -5*b - i + 20. Calculate the remainder when 83 is divided by b.
20
Let x = 16 + 2. Let l(q) = q**3 - 18*q**2 + 1. Calculate the remainder when 5 is divided by l(x).
0
Let v = -50 + 475. Let o = v - 181. Suppose o = 5*n + 54. What is the r